)/(42/4900). What is the highest common divisor of j and w?
10
Suppose -57*s + 69*s = 30000. Calculate the highest common divisor of 40 and s.
20
Suppose -2 = -2*o + 10. Let w be 27315/315 + (-2)/(-7). Let d = -45 + w. Calculate the greatest common factor of o and d.
6
Let c(f) = 12*f**2 - 5*f - 3. Let y be c(-3). Suppose -2*t + 276 = -2*r, -558 = -0*t - 4*t + r. Let x = -100 + t. What is the highest common divisor of y and x?
40
Suppose 0*s - s = 4*a - 338, 5*s = -3*a + 1707. Suppose 2*f - 168 = 4*j, -3*f + 273 = 306*j - 305*j. What is the highest common factor of s and f?
18
Let i be (-19)/2*-681*(-26)/(-39). Calculate the greatest common factor of 19 and i.
19
Suppose -4*r = w - 31, -3*w - 38 - 4 = -3*r. Let q be (-3 + 3 - -1) + -6 + r. Calculate the highest common factor of q and 22.
2
Let z = -14 + 20. Suppose 0 = 2*u - z, 2*s - 5*u - 5 = 4. Let w be (s/10)/((-30)/(-225)). Calculate the greatest common factor of w and 3.
3
Let s(c) = -9*c - 38. Let o be s(-2). Let m be -1*(o - -1) + (27 - 30). Calculate the highest common factor of m and 104.
8
Let o = 6 - 3. Let g = -157 + 290. Let x = g + -100. Calculate the greatest common divisor of x and o.
3
Suppose 0 = 98*n - 34*n - 47*n - 238. Let k be 2/9 - 4660/(-9). Calculate the highest common divisor of k and n.
14
Let k be (-3723 + -1)*(-27)/12 + 69/69. Calculate the greatest common factor of k and 20.
20
Let j = -4032 - -11584. What is the highest common factor of j and 59?
59
Let y be (2/5 + (-28)/(-80))/(99/9900). What is the greatest common factor of 135 and y?
15
Let o be -22 + 11134/95 + (-1)/10*2. Let z = 2 + 17. Calculate the greatest common divisor of o and z.
19
Suppose -5*z + 15 = -4*q - 14, q + 1 = 0. Suppose 5*y - 216 = -z*k + 99, 0 = 5*k + 4*y - 316. What is the greatest common factor of 16 and k?
16
Suppose 0 = 5*c + 5*c + 2117 - 8237. Let v = 30 + 38. Calculate the greatest common divisor of v and c.
68
Let d = -4750 - -5439. What is the greatest common factor of 53 and d?
53
Suppose 0 = o - 2*b - 24, 5*o + 70*b = 65*b + 150. What is the greatest common factor of o and 192?
4
Let i = -365 - -443. Let o be (3 - -10*15) + 3. Suppose -o = -4*q - 0. What is the highest common divisor of q and i?
39
Let s = -3610 + 3644. Calculate the highest common factor of s and 10778.
34
Suppose 0 = 2*q - 5*f - 77, 0 = -3*f - 1 - 8. Suppose -2*l = -3*l + q. What is the highest common factor of l and 155?
31
Let x be (13 - (-162)/(-14))/((-2)/(-14)). Suppose 2*l + 4 = l. Let z be (-198)/l - (-3)/6. What is the highest common factor of z and x?
10
Suppose 2*h + 5*i - 82 = 0, -44 = 5*h + 4*i - 266. Calculate the greatest common factor of 15088 and h.
46
Let a be ((-495)/198)/(5/(-8)). Let m be 14 + ((-87)/(-21) - 1/7). What is the greatest common divisor of a and m?
2
Let o(j) = -55*j - 2260. Let g be o(-44). What is the highest common divisor of g and 115?
5
Suppose 46*j - 326*j + 3393600 = 0. Calculate the greatest common factor of 36 and j.
12
Let n(o) = o**3 + 51*o**2 + 239*o + 568. Let d be n(-46). Calculate the greatest common divisor of 1122 and d.
22
Suppose 0 = -446*y + 472*y - 728. Calculate the greatest common factor of 259 and y.
7
Let j(r) = r**3 + 6*r**2 - 5*r - 7. Let m be j(-6). Suppose -m - 142 = -l. Let p be 12/16*2*10. What is the greatest common factor of l and p?
15
Suppose 54*a = 56*a - 352. What is the greatest common divisor of a and 6952?
88
Suppose 2*b + l = 15 + 1, -4*b + 4*l = -44. Let q = 13 - b. Let k be -12*(0 - 1/2). What is the highest common divisor of k and q?
2
Let w = -4474 + 6272. What is the highest common divisor of w and 116?
58
Let r(b) = -23*b**3 + 118*b**2 + 3*b + 8. Let w be r(5). What is the highest common factor of w and 2793?
49
Let a(y) = 2*y**2 + 38*y - 1250. Let g be a(-48). What is the highest common divisor of 117 and g?
13
Let d = -1330 - -2280. Let v = d + -914. Calculate the greatest common divisor of v and 63.
9
Suppose -83*o + 95997 + 381891 = -7*o. Calculate the greatest common factor of o and 16.
16
Suppose 4*p - 843 = -3*t, -5*p + 810 = 4*t - 315. Suppose 6*i + t = 405. Calculate the highest common divisor of 110 and i.
10
Let z(j) = 4*j**2 - 194*j + 379. Let l be z(2). What is the highest common factor of 32 and l?
1
Let a = 9738 + -9548. What is the greatest common divisor of a and 30210?
190
Suppose 0 = -u + 3*i - 105, 5*i - i = 0. Let d be (4 + 0)/((-30)/u). Let m = -8 + 22. What is the greatest common divisor of d and m?
14
Let z = -3406 + 3449. Calculate the greatest common divisor of 1376 and z.
43
Let u be (-6 - -4 - 1)/(117/(-45552)). Calculate the highest common factor of 219 and u.
73
Let q be (-2)/(2/12*-3) - 9. Let m be (-6)/15*50/q. Suppose 60 = 5*h - 2*h. Calculate the greatest common factor of m and h.
4
Let y = -1944 + 3319. Calculate the greatest common divisor of y and 330.
55
Let o be (18/4)/(3/4). Suppose 73*a - 441 = 10*a. Let z be (-3 - -11)*(a - 282/48). Calculate the greatest common factor of z and o.
3
Let k be 818 - (-3)/(-4*18/(-24)). Calculate the greatest common divisor of k and 63.
63
Let j(x) = 19*x + 4. Let s be j(9). Suppose 8590*g - 8520*g = 1266 + 1184. What is the greatest common divisor of s and g?
35
Let k(h) = -h**2 + 13*h - 17. Let w be k(12). Let b be 9584/48 + w/3. Suppose -2*d = -48 - b. Calculate the highest common divisor of 41 and d.
41
Let y(s) = 3*s**2 + 2*s - 1. Let t = 65 + -69. Let f be y(t). What is the highest common factor of 6 and f?
3
Suppose -4*a = f - 3563, 1212*f + 4*a - 7138 = 1210*f. Calculate the greatest common divisor of 286 and f.
143
Let o be 1/((-9)/(-2)) - (-2)/(-9). Let u = 5 + o. Let h(p) = p**2 - 2*p - 12. Let z be h(u). Calculate the greatest common divisor of 4 and z.
1
Suppose 3*d = 5*p + 37, -3*d + 2*d + 31 = 3*p. Let k = d - -111. Suppose 28*b - 243 - 485 = 0. What is the highest common divisor of k and b?
26
Suppose -8 = -4*t - 4*j + 9*j, -8 = -4*t - 2*j. Suppose -4*f = -5*u - 11, 2*f - u - 31 = -t*f. Calculate the highest common factor of f and 9.
9
Suppose 77*w + 15 = 80*w, 5*p = 3*w + 1980. Calculate the greatest common factor of p and 95.
19
Let f = 3030 + -2947. Calculate the highest common divisor of f and 13.
1
Let y = 13 + -11. Let o(w) = -w**3 + w**2 + 20*w + 31. Let c be o(-2). Calculate the greatest common divisor of y and c.
1
Let m be (-7 + 4 + -1)*-8. Suppose -w - t + 27 = 0, w - 2*t + 1 = 13. Suppose -3*j + 2 = -w. Calculate the highest common factor of m and j.
8
Let y = 2532 - 1869. Calculate the greatest common factor of 312 and y.
39
Let y(f) = f**3 + 17*f**2 + 8*f - 110. Let o be y(-16). Calculate the greatest common divisor of o and 1308.
6
Suppose -3*m - 4*p + 2602 = 1042, 3*m - 1596 = 2*p. What is the highest common divisor of m and 198?
66
Let j(k) = k**3 + 17*k**2 + 10*k - 36. Let y(g) = -2*g**2 - 3*g + 4. Let o be y(-4). Let u be j(o). Calculate the greatest common divisor of 30 and u.
30
Suppose -107*j + 102*j = -4*r + 1713, 2*j - 425 = -r. Calculate the highest common factor of 98 and r.
7
Suppose -5*i + 8 = 2*c - 32, 0 = -2*c. Let o = 13 + i. Calculate the highest common factor of o and 7.
7
Let c = 100 - 111. Let v be (-97)/(-11) + (-2)/c. Suppose 120 = v*u + 21. What is the greatest common factor of u and 66?
11
Let k = 526 + -486. Suppose -2*o - k + 1 = -3*l, 3*l + 3*o - 39 = 0. Calculate the highest common factor of 104 and l.
13
Let z(p) = p**3 - 21*p**2 + 24*p - 56. Let t be z(20). Suppose 3*a - 183 - t = 0. Calculate the greatest common divisor of a and 92.
23
Let s(u) = u**3 + 4*u**2 + 3*u. Let j be 6*(-4 + 40/12). Let h be s(j). Let d be ((-54)/(-8))/((-1)/h). What is the highest common factor of 9 and d?
9
Suppose -2*x + 3*i = 197 - 215, -3*x - 5*i = 11. Let o = 0 - -2. What is the greatest common factor of x and o?
1
Suppose 44 + 46 = 30*b. Suppose -2*j + b*l = -185, 8*j + 2*l = 5*j + 310. What is the greatest common factor of 20 and j?
20
Suppose 4*q + 3 = -a - 4, -a + q - 22 = 0. Let z = a - -29. Suppose -1398 = -42*g + 282. Calculate the greatest common factor of g and z.
10
Let h = 618 - 612. What is the greatest common divisor of 14 and h?
2
Suppose -5833 + 4433 = -5*y. Let r(f) = -2*f**3 + 8*f**2 + 3*f - 5. Let n be r(4). What is the greatest common divisor of n and y?
7
Suppose 11*q + 32759 = 113*q - 7225. Ca